t u be m(7). What are the prime factors of d(u)?
2, 3, 7
Suppose -2*m = 5*i - 7*m - 365, 2*m = 5*i - 353. Let q = i - -65. What are the prime factors of q?
2, 67
Let s be (-1 + 1 + (-8)/(-6))*3. Suppose -4*a = -0*a + 5*i - 32, s*i = 0. List the prime factors of a.
2
Suppose -4*p - 16 = 0, -3*x - 3*p - 1515 = -6*x. Let j = -299 + x. List the prime factors of j.
2, 101
Suppose 11*s - 11610 = 17*s. What are the prime factors of (4/6)/((-30)/s)?
43
Suppose 11 + 12 = 4*p + 5*d, 3*p + 4*d - 18 = 0. Suppose p*c = -c + 9. List the prime factors of 4/(-4)*-16 - c.
13
Let c = -17 - -7. Let n(b) = -b - 7. Let g be n(c). Suppose 2*s = -g*s + 115. What are the prime factors of s?
23
Let y = 316 + -129. Suppose -3*h + n - y = -51, 5*h = 2*n - 226. Let o = -32 - h. What are the prime factors of o?
2, 7
Suppose 105 = 5*x - 0*x. Let f = -16 + x. Suppose -5*p + 2*m = -2*m - 3, m = -f*p + 18. What are the prime factors of p?
3
Suppose -s - 70 = -458. List the prime factors of s.
2, 97
Let x(y) = 126*y**2 + 6*y + 3. Let a(m) = -42*m**2 - 2*m - 1. Let i be (5 - 4)*34/2. Let d(v) = i*a(v) + 6*x(v). What are the prime factors of d(-1)?
41
Let t = 10 + -4. Let u be 616/t + 6/(-9). Let a = -42 + u. List the prime factors of a.
2, 3, 5
Let l be (2 - 2)/(2/2). Suppose 3*o = x - 6*x + 17, 3*x + 2*o - 10 = 0. Suppose l*d + 64 = x*d. What are the prime factors of d?
2
Let f(s) = 51*s - 79. What are the prime factors of f(14)?
5, 127
Suppose -3*o - 5*k + 4 = -11, -4*o + 5*k - 15 = 0. Suppose o*b - 32 = b. What are the prime factors of (b/5)/((-8)/20)?
2
Let h be ((-198)/(-24))/((-2)/8). Let r = 48 + h. List the prime factors of r.
3, 5
Suppose -3*m = -4*y - 87, 3*m + 5*y - 38 - 49 = 0. What are the prime factors of -4*m/(-8)*6?
3, 29
Let a(u) be the third derivative of 1/3*u**4 + 0*u - 13/6*u**3 - u**2 + 0. What are the prime factors of a(9)?
59
Let g(k) = -k - 4. Let p(h) = 2*h + 5. Let c(o) = 2*g(o) + 3*p(o). Suppose 20 = f + 5*i, 0*i + 14 = f + 2*i. List the prime factors of c(f).
47
Let y = 106 + 9. Let a(p) = -p**3 - 10*p**2 - 10*p - 3. Let b be a(-9). Suppose -b*s = -s - y. What are the prime factors of s?
23
Let x(u) = 476*u + 223. List the prime factors of x(3).
13, 127
Let l be 0 + (-26)/(-2) + 2. Suppose -5*u + 2*q = -l, -3*q - 10 = -4*u - q. Suppose -4*x = -u*x + 55. List the prime factors of x.
5, 11
Suppose 8 = w + w, 2*w = -5*f + 358. What are the prime factors of f?
2, 5, 7
Let s be (-16)/(-3)*4/(48/45). List the prime factors of (-1064)/s*(0 - 5).
2, 7, 19
Let i be ((-29)/(-1))/(1/5). Let o(w) = -12*w + 113. Let s be o(9). Suppose 5*h = i - s. What are the prime factors of h?
2, 7
Let r be (-5 - 7)/((-4)/46). Suppose 2*j = r + 32. List the prime factors of j.
5, 17
Let q = 29 + -32. List the prime factors of (1/(q/6))/(-2) + 4.
5
Let t(x) = -2*x**2 - 25*x - 43. List the prime factors of t(-8).
29
Suppose -3*n = -10*n + 2359. What are the prime factors of n?
337
Let o = -722 + 1388. What are the prime factors of o?
2, 3, 37
Let h(t) = -t**3 - 16*t**2 + 17*t + 42. List the prime factors of h(-17).
2, 3, 7
Suppose -t + 41 + 210 = -5*w, -104 = 2*w - 4*t. Let h = w - -16. Let o = h - -58. What are the prime factors of o?
2, 3
Suppose 4*z + 0*z = 0, -2*z = r - 274. List the prime factors of r.
2, 137
Let d = 10 - 257. Let v = -124 - d. List the prime factors of v.
3, 41
Let v be 4/14*(-2 + 9). Let x = 46 + -44. Suppose -v*w - 9 = -c, 3*w = -x*c + 2*w + 13. List the prime factors of c.
7
Suppose t - 6*o + 4*o = 0, 0 = 4*t + 5*o + 52. What are the prime factors of -2*(-10)/t*(-16)/10?
2
Let l(o) = -o**2 + 5*o + 127. Let b be l(0). Suppose 5*t + 5*h - 680 = 0, t + 2*h - b = 4*h. List the prime factors of t.
7, 19
Let h(j) = j**3 - 19*j**2 - 414*j + 46. List the prime factors of h(32).
2, 5, 11
What are the prime factors of 174/18*(-171)/(-3)?
19, 29
Let c = -1 - -1. Suppose 0 - 13 = 4*p - 5*w, 4*p = 3*w - 3. Suppose -m + 35 = -3*i, c = -3*m - p*i - i + 53. List the prime factors of m.
23
Suppose -4*v = 4*j - 52 + 1092, j = 4*v - 275. Let p = j - -445. Suppose 3*h = -3*i + 183, 4*h + 68 = -2*i + p. List the prime factors of i.
5, 13
Suppose -697 - 1438 = -7*r. What are the prime factors of r?
5, 61
Suppose -12*z - 817 = -11665. What are the prime factors of z?
2, 113
Let s(p) = p**3 + 5*p**2 + p + 5. Let l be s(-5). Suppose -3*w - 3*k - 2 - 7 = 0, l = 2*w - k + 6. What are the prime factors of (-188 + -4)/(-3) + w?
61
Suppose 3*k = 6912 + 5130. List the prime factors of k.
2, 3, 223
Suppose -5436 = -9*q + 24192. What are the prime factors of q?
2, 823
Let n = 14 - 8. Let f = n - -36. What are the prime factors of f?
2, 3, 7
Let a be (-3)/(1*(-9)/42). Let h be (-52)/6 + a/21. What are the prime factors of 8/(-2)*h/4?
2
Suppose 2*p = -10*x + 14*x + 1546, 0 = -5*p - 4*x + 3879. List the prime factors of p.
5, 31
Suppose 865*l - 857*l - 9440 = 0. What are the prime factors of l?
2, 5, 59
Let m = 1124 - 645. What are the prime factors of m?
479
Let u be (-4)/(-2) + -7 + 7. Let h = u - 5. List the prime factors of 36/2 + (-9)/h.
3, 7
What are the prime factors of 3 - 17/5 - (-11010)/25?
2, 5, 11
Let g be (-70)/(-28)*8/10. Let d(k) = -2*k - 5*k + 5*k**g + 3*k. What are the prime factors of d(3)?
3, 11
List the prime factors of (-9742)/(-22) + 32/176.
443
Let k(y) be the second derivative of -7*y**3/3 - y**2/2 + 73*y. Suppose -3*i + 1 = 4. What are the prime factors of k(i)?
13
Let o = -29 - -45. Let v be (-411)/4 + (-4)/o. Let k = -71 - v. What are the prime factors of k?
2
Let x(s) be the third derivative of 0*s + 5*s**2 + 1/60*s**5 + 1/2*s**3 + 1/24*s**4 + 0. List the prime factors of x(-6).
3, 11
Let m(c) be the third derivative of -5*c**4/24 + 2*c**3/3 - 4*c**2. List the prime factors of m(-6).
2, 17
Let a(p) = -p**2 + 11*p - 6. Let u = 75 - 67. List the prime factors of a(u).
2, 3
Suppose -3*w + 4*b + 4 = -269, 4*b = 4*w - 368. What are the prime factors of w?
5, 19
Let f be 4*(-1 - (-3)/2). Suppose -6*i - 16 = -f*i. Let p = i + 26. List the prime factors of p.
2, 11
Let h = -152 + 296. List the prime factors of h.
2, 3
Let l(f) = -f - 9. Let z be l(-13). Suppose 0 = -g - 3*g + 44. Suppose -g = -z*x - 3. List the prime factors of x.
2
Let f(w) = -77*w + 189. Let r(g) = -4*g + 10. Let v(i) = 3*f(i) - 56*r(i). What are the prime factors of v(-6)?
7
Suppose 4*a + 2 = o, -6*o - 8 = -2*a - o. Let z be (-5 + a)/(2/(-3)). Let b = 43 - z. List the prime factors of b.
2, 17
Let a(s) = -6*s - 37. Let b be a(-7). Suppose b*p - g - 400 = 4*g, -2*g = -p + 76. List the prime factors of p.
2, 3, 7
Suppose 0 = -3*r - 5*g + 5, r - 3*r + g + 12 = 0. List the prime factors of 2/(-4*r/(-840)).
2, 3, 7
Let f = 5 - 19. Let d = f + 17. Suppose d*v - 9 = -5*q, 4*v + q - 12 = 2*q. List the prime factors of v.
3
List the prime factors of ((2 - -2) + -1279)*(-6)/6.
3, 5, 17
Suppose 3*j - 5*n - 37 = -j, 34 = 3*j - 5*n. Suppose y - 6 = -j. Suppose 0 = -y*t + 5*t - 14. What are the prime factors of t?
7
Let i = 24 + -17. Let a be -2 - 2 - (i - 13). Suppose a*y + 100 = 2*b, -2*b = 3*b + 5*y - 240. List the prime factors of b.
7
Let i = -28 - -21. List the prime factors of (-7)/(-3)*(i + 10).
7
Suppose 21*o - 80623 + 25120 = 0. List the prime factors of o.
3, 881
Suppose -69634 = -47*l + 10*l. What are the prime factors of l?
2, 941
Let v(k) = 3*k**2 + 8*k + 2. Let d be v(-3). Suppose g + d*h - 310 = -120, g - 150 = 3*h. What are the prime factors of g?
3, 5, 11
Let k = -239 + 239. Suppose u + 0 = h + 1, -2*h + 13 = u. Suppose n + 4*n - 3*r - 107 = k, -2*r - 108 = -u*n. List the prime factors of n.
2, 11
Suppose -10 = 4*b - 38. List the prime factors of (-1 + -9)*b/(-7).
2, 5
Suppose 6*n - z - 81 = n, 0 = 4*n + z - 63. Let d = -20 + n. List the prime factors of d/30 + (-2526)/(-45).
2, 7
Suppose -669 = -3*l + c, -1126 = -7*l + 2*l - 2*c. List the prime factors of l.
2, 7
Let j(x) = x**2 - 3*x + 2. Let g(l) = -l**3 + 10*l**2 + 15*l - 25. Let y be g(11). Suppose 16*i + 12 = y*i. List the prime factors of j(i).
2, 3
Let l(r) = 64*r**2. Let m be l(-1). Let p be 3/(60/m)*15. Suppose 4*d - 3*f - p = f, -3*f = 0. List the prime factors of d.
2, 3
Let d = 496 + -346. Let q = d - 95. List the prime factors of q.
5, 11
Let k = 64 + -60. Suppose k*r = -4*r + 320. List the prime factors of r.
2, 5
Suppose 2*